it of 2202?
2
What is the hundred thousands digit of 125304?
1
What is the hundreds digit of 7470?
4
What is the hundreds digit of 9154?
1
What is the tens digit of 216?
1
What is the hundreds digit of 1068?
0
What is the hundreds digit of 983?
9
What is the tens digit of 3747?
4
What is the hundreds digit of 231?
2
What is the units digit of 2171?
1
What is the thousands digit of 76470?
6
What is the units digit of 59744?
4
What is the hundreds digit of 37858?
8
What is the units digit of 513?
3
What is the units digit of 50760?
0
What is the units digit of 11372?
2
What is the hundreds digit of 2416?
4
What is the hundreds digit of 377?
3
What is the tens digit of 532?
3
What is the tens digit of 108010?
1
What is the tens digit of 3418?
1
What is the thousands digit of 54567?
4
What is the units digit of 1025?
5
What is the hundreds digit of 885?
8
What is the thousands digit of 2853?
2
What is the tens digit of 4157?
5
What is the tens digit of 301?
0
What is the hundreds digit of 64484?
4
What is the thousands digit of 2147?
2
What is the units digit of 943?
3
What is the units digit of 99314?
4
What is the ten thousands digit of 38356?
3
What is the units digit of 1991?
1
What is the thousands digit of 1063?
1
What is the thousands digit of 5082?
5
What is the ten thousands digit of 35508?
3
What is the tens digit of 23056?
5
What is the tens digit of 10?
1
What is the units digit of 34?
4
What is the hundreds digit of 2267?
2
What is the tens digit of 26736?
3
What is the hundreds digit of 86374?
3
What is the tens digit of 18973?
7
What is the thousands digit of 41249?
1
What is the tens digit of 8686?
8
What is the units digit of 3852?
2
What is the thousands digit of 1771?
1
What is the ten thousands digit of 59358?
5
What is the hundreds digit of 4232?
2
What is the ten thousands digit of 33944?
3
What is the thousands digit of 2557?
2
What is the hundreds digit of 25546?
5
What is the hundreds digit of 3037?
0
What is the thousands digit of 1560?
1
What is the hundreds digit of 465?
4
What is the tens digit of 7873?
7
What is the hundreds digit of 22955?
9
What is the thousands digit of 9401?
9
What is the tens digit of 749?
4
What is the thousands digit of 2166?
2
What is the hundreds digit of 1074?
0
What is the thousands digit of 14699?
4
What is the tens digit of 1957?
5
What is the tens digit of 5893?
9
What is the units digit of 8985?
5
What is the units digit of 239?
9
What is the hundreds digit of 69425?
4
What is the tens digit of 14600?
0
What is the ten thousands digit of 19759?
1
What is the tens digit of 465?
6
What is the ten thousands digit of 10991?
1
What is the tens digit of 26579?
7
What is the tens digit of 25303?
0
What is the hundreds digit of 83120?
1
What is the tens digit of 93275?
7
What is the ten thousands digit of 57325?
5
What is the units digit of 10458?
8
What is the ten thousands digit of 23381?
2
What is the hundreds digit of 131298?
2
What is the tens digit of 30953?
5
What is the hundred thousands digit of 191487?
1
What is the tens digit of 122045?
4
What is the tens digit of 956?
5
What is the hundreds digit of 2930?
9
What is the hundreds digit of 2928?
9
What is the units digit of 1658?
8
What is the units digit of 3197?
7
What is the thousands digit of 20186?
0
What is the hundreds digit of 51822?
8
What is the tens digit of 35769?
6
What is the units digit of 75?
5
What is the tens digit of 626?
2
What is the tens digit of 7430?
3
What is the tens digit of 25593?
9
What is the units digit of 1921?
1
What is the hundreds digit of 8808?
8
What is the units digit of 922?
2
What is the units digit of 1429?
9
What is the units digit of 1971?
1
What is the units digit of 3759?
9
What is the units digit of 9146?
6
What is the thousands digit of 2841?
2
What is the thousands digit of 14324?
4
What is the thousands digit of 1018?
1
What is the units digit of 396?
6
What is the tens digit of 5880?
8
What is the units digit of 4459?
9
What is the hundreds digit of 2319?
3
What is the thousands digit of 4556?
4
What is the tens digit of 13545?
4
What is the thousands digit of 2060?
2
What is the tens digit of 2867?
6
What is the tens digit of 55671?
7
What is the hundreds digit of 98348?
3
What is the tens digit of 4478?
7
What is the tens digit of 266?
6
What is the units digit of 545?
5
What is the tens digit of 370?
7
What is the hundreds digit of 7685?
6
What is the hundreds digit of 2137?
1
What is the units digit of 79638?
8
What is the tens digit of 8592?
9
What is the tens digit of 3222?
2
What is the units digit of 1010?
0
What is the hundreds digit of 549?
5
What is the hundreds digit of 18777?
7
What is the hundreds digit of 634?
6
What is the units digit of 1172?
2
What is the hundreds digit of 520?
5
What is the tens digit of 319?
1
What is the thousands digit of 1713?
1
What is the hundreds digit of 341?
3
What is the hundreds digit of 2812?
8
What is the tens digit of 20691?
9
What is the thousands digit of 7515?
7
What is the hundreds digit of 119025?
0
What is the thousands digit of 76230?
6
What is the ten thousands digit of 12759?
1
What is the hundreds digit of 480?
4
What is the hundreds digit of 22295?
2
What is the tens digit of 1487?
8
What is the units digit of 34?
4
What is the units digit of 453?
3
What is the tens digit of 3363?
6
What is the tens digit of 477?
7
What is the hundreds digit of 7880?
8
What is the units digit of 48294?
4
What is the units digit of 1325?
5
What is the units digit of 2092?
2
What is the units digit of 63274?
4
What is the units digit of 9885?
5
What is the units digit of 605?
5
What is the hundreds digit of 204?
2
What is the units digit of 2660?
0
What is the thousands digit of 7676?
7
What is the tens digit of 44?
4
What is the tens digit of 4462?
6
What is the thousands digit of 103099?
3
What is the ten thousands digit of 28980?
2
What is the thousands digit of 12942?
2
What is the thousands digit of 2639?
2
What is the hundreds digit of 13274?
2
What is the hundreds digit of 22369?
3
What is the hundreds digit of 47751?
7
What is the hundreds digit of 390?
3
What is the tens digit of 8192?
9
What is the hundreds digit of 250?
2
What is the hundreds digit of 1375?
3
What is the hundreds digit of 813?
8
What is the hundreds digit of 28510?
5
What is the thousands digit of 1129?
1
What is the tens digit of 19435?
3
What is the units digit of 27358?
8
What is the tens digit of 24159?
5
What is the ten thousands digit of 13951?
1
What is the units digit of 414?
4
What is the tens digit of 52681?
8
What is the hundreds digit of 371?
3
What is the units digit of 7250?
0
What is the hundreds digit of 22187?
1
What is the tens digit of 10427?
2
What is the thousands digit of 1521?
1
What is the tens digit of 3750?
5
What is the units digit of 1163?
3
What is the units digit of 5856?
6
What is the tens digit of 500?
0
What is the units digit of 946?
6
What is the hundreds digit of 144925?
9
What is the tens digit of 2535?
3
What is the thousands digit of 7384?
7
What is the hundreds digit of 548?
5
What is the units digit of 1050?
0
What is the tens digit of 1784?
8
What is the thousands digit of 1141?
1
What is the hundreds digit of 2257?
2
What is the tens digit of 8456?
5
What is the units digit of 5881?
1
What is the units digit of 1412?
2
What is the hundred thousands digit of 109572?
1
What is the ten thousands digit of 18632?
1
What is the units digit of 982?
2
What is the hundreds digit of 18125?
1
What is the hundreds digit of 9585?
5
What is the hundreds digit of 202358?
3
What is the thousands digit of 68646?
8
What is the thousands digit of 1423?
1
What is the units digit of 16948?
8
What is the ten thousands digit of 12551?
1
What is the units digit of 30?
0
What is the units digit of 15288?
8
What is the units digit of 3318?
8
What is the tens digit of 982?
8
What is the hundreds digit of 759?
7
What is the thousands digit of 1452?
1
What is the units digit of 31641?
1
What is the tens digit of 2749?
4
What is the units digit of 100518?
8
What is the thousands digit of 25462?
5
What is the units digit of 7104?
4
What is the tens digit of 30979?
7
What is the units digit of 370?
0
What is the hundreds digit of 2045?
0
What is the te